uppose -3*o + 3*s = -9261, -3*s + 2770 = o - 329. What is the hundreds digit of o?
0
What is the hundreds digit of 2/((-20)/15)*-514?
7
Let o = -107 + 109. Suppose 0 = -s + o*y + 12, 4*y + 18 = s + 8*y. What is the tens digit of s?
1
What is the tens digit of 1/((-1226)/614 + 8/4)?
0
Let m be (7/(-14))/(1/(-2)). What is the tens digit of 1 - (1 - m) - -322?
2
Let f(n) = n**3 + 11*n**2 + 12*n + 24. Let s be f(-10). What is the tens digit of s/8 - (-101)/2?
5
What is the units digit of 8 + -4 - (-5 - 0)?
9
Suppose 8*i - 3*i - 45 = 0. Suppose -i*r + 42 = -102. What is the tens digit of r?
1
Let u(c) = 6*c**2 - 5*c + 12. Let o(j) = -3*j**2 + 2*j - 6. Let g(r) = -9*o(r) - 4*u(r). What is the tens digit of g(4)?
6
Let k(i) = -i**3 - 26*i**2 - 68*i - 30. What is the units digit of k(-25)?
5
Let m(s) = -5*s - 49. What is the units digit of m(-14)?
1
Suppose 130 + 102 = -4*t. Let n = t + 97. What is the tens digit of n?
3
Let c = -2 - -10. Let o be -3*c/(-84)*7. Suppose o*w = 26 + 12. What is the units digit of w?
9
Let b be (-1 - -1)/(-2) + 10. Let n = 10 + -8. What is the units digit of b/n + 1 - -1?
7
Let y = 4 + 1. Suppose 2*s - 8 = 0, y*f + 0*s = 4*s + 309. What is the units digit of f?
5
Suppose 4*u + 3250 = 5*i + 3*u, 0 = -5*i - 5*u + 3220. Suppose l - 3*p = 231, -5*l - 2*p + i = -2*l. What is the tens digit of l?
1
Suppose 14 = w - 5*f, 3*w - 2*w - 21 = -2*f. Let u = w - 17. Suppose -3*p - v + 93 + 22 = 0, 3*p - 130 = u*v. What is the tens digit of p?
4
Let f(t) = 40*t**2 - 20*t - 140. What is the tens digit of f(-6)?
2
Let p(j) = 136*j**2 + 6*j - 13. What is the thousands digit of p(3)?
1
Let x(z) = -z - 11. Let w be x(-12). Let a = 4 - w. Let h = 18 + a. What is the tens digit of h?
2
Let l = 18 - 18. Let j be (2 + -2)/(l - 2). Suppose j = -o + r - 3, o + 15 = -0*o + 4*r. What is the units digit of o?
1
Suppose 771 - 2520 = -3*b. What is the units digit of b?
3
Let c(n) = 16*n**2 - 13*n - 7. Let i be (-66)/(-14) + 34/119. What is the units digit of c(i)?
8
Let v = 1 + 11. What is the tens digit of 58/2 + -12 + v?
2
Suppose 0 = -f + 97 - 32. Suppose f*j + 159 = 68*j. What is the tens digit of j?
5
Let u(t) = t**3 - 6*t**2 + 5*t + 14. Suppose -y + 84 = -3*q + 2*y, 0 = 4*q + 3*y + 133. Let v = -25 - q. What is the tens digit of u(v)?
4
Let j(v) = -v. Let a(y) = y - 8. Let k(g) = -a(g) - 5*j(g). What is the tens digit of k(4)?
2
Suppose -5*a - 3*t = -7*a + 81, 0 = a + 3*t - 63. What is the units digit of a?
8
Suppose 28 = 2*n - 3*v, 3*n - 48 = -0*v + 3*v. Suppose -356 = -6*w + w + f, 0 = -5*f + n. What is the units digit of w?
2
What is the tens digit of (1 + -3)*23/(-92)*3222?
1
Let w be 36/15 + (-8)/20. Let u be -1 - -3 - 4 - -2. Suppose 4 = w*a - u. What is the units digit of a?
2
Suppose -3*z - 2*t = 46 - 259, -z = -5*t - 71. Suppose n + 4*i - 24 - z = 0, 0 = -4*n + 5*i + 359. What is the units digit of n?
1
What is the units digit of 12/((0 - -1)/(1030/15))?
4
Let d(m) = 132*m**2 + 4*m + 4. What is the tens digit of d(2)?
4
Let w = 329 + -610. Let k = -160 - w. What is the units digit of k?
1
Suppose 0 = -5*z - 130 - 210. Suppose -57 = q + 2*m, -2*m + 7*m + 25 = 0. Let a = q - z. What is the tens digit of a?
2
Suppose -2*j - q + 764 = 0, 0*q = -3*j + 4*q + 1146. What is the tens digit of j?
8
Suppose 875 + 785 = 5*h. What is the units digit of h?
2
Suppose -5*d - 15 = 5*g - 60, 4*d - g - 21 = 0. Let q = -6 + d. Suppose 6*y - 4*y - 36 = q. What is the tens digit of y?
1
Let i = 37 - 25. Let a = -12 + i. Suppose a = -y - 4*l - 1, l = 2*y - 4*l - 37. What is the units digit of y?
1
Let v be (-2)/(-4)*-2 + 7. Suppose -v*x + 20 = -x. Suppose -3*p - 52 = -x*c + 88, -2*p = -8. What is the tens digit of c?
3
Let n = -5 + 9. Suppose -n*o + m - 5*m + 28 = 0, -3*o - 14 = -4*m. Suppose d = 2*h - d - 20, 0 = -o*h + 5*d + 32. What is the units digit of h?
6
What is the units digit of 5849/3 + (-21)/((-819)/(-26))?
9
Suppose 795 = 41*w - 44*w. Let v = w - -404. What is the hundreds digit of v?
1
Let u be (-1)/(2 + (-91)/45). Suppose -4*l = -9*l + u. Let k = l - 2. What is the units digit of k?
7
Let q(m) = m**2 + 7*m + 18. Suppose 0 = -2*g - 2*w + 14 + 24, -3*g + 49 = -w. Let k = g - 26. What is the units digit of q(k)?
6
Suppose -56 = -3*x + 5773. What is the hundreds digit of x?
9
Suppose -15 = -4*i - x, -3*x + 1 + 8 = 0. Suppose -i*c + 4*c = 56. What is the units digit of c?
6
Let h be (-1 - 3/1)/(-5 - -4). Suppose -707 = -h*b + 5*u, -2*u + 3*u = -4*b + 737. What is the tens digit of b?
8
Let q be 7 - (-3 + 4 + -4). Suppose p = -p + q. Suppose -p*g + 18 = -7, 0 = l - 4*g - 44. What is the units digit of l?
4
What is the tens digit of 243/4 + 3/108*9?
6
Suppose 4*v + 0*v - 5*r = 34, -v = 4*r - 19. Let n = v + -7. Let w = n - -9. What is the units digit of w?
3
Let y be 63/7*-2*1. Let z be (-13)/1 - y/6. What is the tens digit of (-790)/(-25) - 4/z?
3
Let x(b) = -470 + 3*b**2 - 2*b + 468 - b**2. What is the tens digit of x(-2)?
1
Suppose 2 - 8 = -x. Suppose 9*r = 4*r - 5. Let m = x + r. What is the units digit of m?
5
Let b be ((-56)/(-10))/((-1316)/220 - -6). Let x = b - 172. What is the hundreds digit of x?
1
What is the units digit of (348/(-30))/((-11)/55)?
8
Let f = -234 - -121. Let j = f + 159. What is the units digit of j?
6
Suppose -j = 3*x - 5*x - 880, -2*x = 8. What is the hundreds digit of j?
8
Let t(j) = 14*j - 264. What is the units digit of t(49)?
2
Suppose 731 = x + 3*b, 9*x + 4*b = 4*x + 3699. What is the units digit of x?
3
Let q(w) = w + 19. Let s be q(-17). Suppose 26 = -d + 4*d - 4*o, -s*d + 23 = 3*o. What is the tens digit of d?
1
Let f = -12 + 14. What is the tens digit of (-1 + -6)/((4 - 5)/f)?
1
Let q be (2 - -2)*(-30)/(-24). Suppose -364 = q*l - 2114. Suppose 5*m - 5*b = l, 3*m + 4*b - 256 = -m. What is the tens digit of m?
6
Let a be (-19 - -17) + 7*19. Let h = a + -78. What is the tens digit of h?
5
Let i(d) = 603*d**3 - d + 1. What is the hundreds digit of i(1)?
6
Suppose 8 = 4*f, 5*v + 3*f + 0*f - 66 = 0. What is the tens digit of 1*-1 + (32 - v)?
1
Suppose 550 = 2*z + 4*w - 684, 0 = -w - 3. What is the units digit of z?
3
Let p be 3 + (23/3 - (-10)/(-15)). Let m(i) = 2*i**2 - i - 40. What is the hundreds digit of m(p)?
1
Suppose -32810 = -47*z + 48782. What is the thousands digit of z?
1
Let j(d) = 12*d - 62. Let u(t) = -14*t + 63. Let w(v) = -4*j(v) - 3*u(v). What is the tens digit of w(-20)?
7
Suppose 1650 + 2446 = 8*z. What is the hundreds digit of z?
5
Let b(j) = -6*j + 7. Let p(k) = -3*k + 4. Let l(q) = 6*b(q) - 11*p(q). What is the tens digit of l(-9)?
2
Suppose 0 = -g - 5*w - 389, g = -3*g + 3*w - 1510. Let z = g - -540. What is the tens digit of z?
6
Suppose -3*n + 4*t + 26 = 0, -4 = -4*t - 0. Let g be 38/n - 2/(-10). What is the units digit of (g + -4 + -118)/(-2)?
9
Let o(j) = -6*j - 52. Let s be o(-16). Suppose i - s = -4*x - 4*i, -x - 10 = -4*i. What is the units digit of x?
6
Let m be (72/(-20) + 4)*-5. Let r = m - -60. What is the units digit of r?
8
Let q = 38 - 42. Let o(d) be the first derivative of -2*d**2 - 1. What is the units digit of o(q)?
6
What is the tens digit of 5/(5/410*5)?
8
Let m be 5 + (-1 + 8 - 4). What is the units digit of (-174)/(-2) - m/2?
3
Let u(a) be the first derivative of -a**4/4 + a**2/2 + 6*a + 1. What is the units digit of u(0)?
6
Suppose 2*r + 2 = -u, 3*r - 21 = 2*r + 5*u. What is the hundreds digit of 30/(-12)*(r + -121)?
3
Suppose -2*x + 8*x - 18 = 0. Suppose -2*m - 3*q - 58 = -7*m, -x*q + 19 = 2*m. What is the units digit of m?
1
Let o = -1041 + 1482. Suppose -29 = -5*f + z, z + 35 = 5*f + 6*z. Suppose -d - f*d = -o. What is the units digit of d?
3
Let j be (-6*(-3)/6)/(9/(-6)). What is the tens digit of (19/38)/(j/(-624))?
5
Let w be (90/12)/(2/(-4)). Let f = -20 + 10. Let p = f - w. What is the units digit of p?
5
Suppose -4*f - 12265 = -6*m - 1991, 4*m = 3*f + 6851. What is the thousands digit of m?
1
Let q = 314 + 274. What is the units digit of q?
8
Let g(n) = 22*n**2 + 2*n + 2. Let v(r) = -r. Let s be v(3). What is the hundreds digit of g(s)?
1
Let k = -220 - -325. Let q(c) = -c**2 - 19*c + 46. Let g be q(-21). Suppose -g*d + k = d. What is the units digit of d?
1
Suppose 3*b - 47 = -2*n, n - b = -0*b + 16. Suppose 7*v = 6*v + n. What is the tens digit of v?
1
Let r =